.
79
Let a = -4 - -4. Suppose 0 = -a*r - r. Suppose r = 4*u - 22 - 26. List the prime factors of u.
2, 3
Suppose 5 = 4*w - 7. Suppose -2*a + 40 = 3*n + w*a, -2*a - 17 = -n. List the prime factors of n.
3, 5
Suppose m - 1 = 2*q - 12, -m = 3*q - 9. What are the prime factors of q?
2
Let y(i) = i**3 + 7*i**2 + 5*i - 2. Let t be y(-6). Suppose -n + t = 0, 10 = o + 3*n - 62. List the prime factors of o.
2, 3, 5
Let h(o) = 3*o. Let n be (6 + -3)*(-2)/(-6). What are the prime factors of h(n)?
3
Let c(t) be the second derivative of -13*t**5/20 + 6*t. List the prime factors of c(-1).
13
Let k be (3/(-2))/((-2)/4). Let i = 8 - k. Let o = -2 + i. What are the prime factors of o?
3
Let q = 4 + 0. Suppose q*n + 8 = -0*n. List the prime factors of 3/n*(-8)/2.
2, 3
Suppose 0 = -w - 2*a + 7, 0 = -w - a - 1 + 3. Let j be 3/(2 - (-7)/(-3)). Let f = w - j. List the prime factors of f.
2, 3
Let z = 122 + 2. What are the prime factors of z?
2, 31
Suppose 0 = 5*f + 33 - 608. What are the prime factors of f?
5, 23
Suppose -3*n - f - 22 = 0, 3*n - 7*n = -3*f + 12. List the prime factors of (315/(-10))/(n/8).
2, 3, 7
Suppose 4*x = x. Let m = 2 - x. Suppose -m*a + 0*a = -4. What are the prime factors of a?
2
Suppose 0*r = r. Let i = r + 2. Suppose -5*a + i*n + 40 = 8, 3*a = -2*n + 32. What are the prime factors of a?
2
Suppose -2*i = 3*p - 6*i - 79, p - i = 27. What are the prime factors of p?
29
Let p = -7 + 10. Let y = 3 + p. List the prime factors of y.
2, 3
Let d be -6 + 6 - (-2 + -1). Suppose d*t = 15 + 12. What are the prime factors of t?
3
List the prime factors of ((-8)/(-10))/((-5)/(-25)).
2
Let s = 9 - -2. Let l = s - 4. What are the prime factors of l?
7
Let u = 0 + 3. Suppose -5*z + 68 = -h, -4*h + h - 48 = -u*z. List the prime factors of z.
13
List the prime factors of (-20)/(3/(156/(-8))).
2, 5, 13
Let i(f) = -f**2 + 18*f - 28. List the prime factors of i(13).
37
Suppose 3 + 17 = 4*d. Suppose 0*j + 14 = -j - d*b, -4 = b. What are the prime factors of j?
2, 3
Suppose -53 = -z - 0*z - p, 0 = 4*z - 2*p - 200. What are the prime factors of z?
3, 17
Suppose 3*d - 2 = 5*d. Let f = 3 - d. List the prime factors of f.
2
Suppose -c + 52 = 4*z, 3*z - 38 = -4*c + 3*c. Suppose -2*i + 4 = 2. Let j = i + z. What are the prime factors of j?
3, 5
What are the prime factors of 1*-26*(-25 - -17)?
2, 13
Let l = 241 + -164. What are the prime factors of l?
7, 11
Suppose 8*y - 2743 = -5*y. List the prime factors of y.
211
Suppose 128 = 4*k - 2*g + 5*g, -2*k + 42 = -4*g. What are the prime factors of k?
29
Let y = 5 + -1. List the prime factors of (-94)/(-8) - 3/y.
11
Suppose -1 = 2*i + t, -20 = -2*t - 2*t. Let q(v) = 4*v**2 - v - 4. What are the prime factors of q(i)?
5, 7
Suppose 0 = 2*z + 3*j - 7 - 0, 0 = -3*z - j - 7. Let y(h) = -2*h + 2. Let n be y(z). Suppose 5*c - 1 = -p + 5, c + 3*p = -n. What are the prime factors of c?
2
Let w be (-12)/8 + (-26)/(-4). Suppose w*s + 23 = 83. What are the prime factors of s?
2, 3
Suppose 4 = 5*v - 4*v. Suppose v*i + 4 = -4*s - 16, 0 = -2*s - 6. Let q = 8 + i. List the prime factors of q.
2, 3
Suppose -n - n - 2*j + 338 = 0, 0 = 5*n - 2*j - 838. List the prime factors of ((-6)/4)/((-18)/n).
2, 7
Let a(k) = 9*k**2 + k + 2. List the prime factors of a(2).
2, 5
Suppose -4*n + 37 = -11. Let x = 78 - 22. Suppose -4*k = n - x. List the prime factors of k.
11
Let y(b) = -b**3 - 2*b**2 + 3*b + 1. Let j be y(-3). Let l(p) = 2*p + 0*p - j - 3. List the prime factors of l(4).
2
Suppose 7*m - 41 = 6*m. List the prime factors of m.
41
Let k(j) = j**3 + 15*j**2 - 19*j + 37. List the prime factors of k(-16).
5, 17
Let s = -101 + 190. List the prime factors of s.
89
What are the prime factors of 139 - (3 + -2 + 2)?
2, 17
Suppose 3*g - 12 = 2*z - z, 5*z = -3*g + 12. Suppose -g*w = -w. Suppose w = -n + 3*a + 15, -2*n - 3*a = -2*a - 16. List the prime factors of n.
3
Suppose 0*b = 4*b + y - 281, -y - 64 = -b. List the prime factors of b.
3, 23
Let d(u) = 10*u**2 + 3*u + 3. What are the prime factors of d(3)?
2, 3, 17
Suppose u = 2*y, 0 = -u - y - 6. Let o be (u/2 + 11)*-1. List the prime factors of (-93)/o - (-2)/3.
11
Let b(y) = 34*y. What are the prime factors of b(2)?
2, 17
Let b = -10 - -15. Suppose -77 + 19 = -2*f + b*v, -5*f - 2*v + 87 = 0. What are the prime factors of f?
19
Let t = -4 - -7. Let h(x) = 3 - 5*x**2 - 6*x + 2*x + 0 - x**t. List the prime factors of h(-4).
3
Suppose 845 = 7*t + 208. What are the prime factors of t?
7, 13
List the prime factors of -4 + 9/(4/4).
5
Let q(p) = 6*p - 17. Let i(x) = 2*x - 6. Let b(r) = -8*i(r) + 3*q(r). Let a be b(-3). Let g = 18 + a. List the prime factors of g.
3
Let g(n) = n**3 - 10*n**2 - 12*n + 9. Let v be g(11). What are the prime factors of -1 + (1 + 2 - v)?
2
Suppose p - 3 = -5. Let q be 26/8 + p/8. Suppose 0 = -m - q + 7. List the prime factors of m.
2
Let f(n) = 2*n - 8. Let j be f(-5). List the prime factors of (-12)/j + 20/6.
2
Suppose 0 = 4*v - 2*a - 0*a - 4, -5*a - 10 = 0. Suppose 2*q - g - 19 = v, 5*q = -g + 23 + 28. List the prime factors of q.
2, 5
Let x be (3 + -1)*(-10)/(-4). Suppose 0 = 4*q - 4*y + 3 - 7, 3*q - 5*y + 1 = 0. Suppose p - 69 = -x*o, -q*p + 2 = -4*o + 61. What are the prime factors of o?
2, 7
Suppose 0*h + 3*h = 15. Suppose 3*t = -2*t + h*r, 4*t + r - 10 = 0. Let p = t + 6. What are the prime factors of p?
2
Suppose 5 = -5*f + 25. Let j = f + -8. List the prime factors of (-24)/4*j/3.
2
Let y(k) = k**2 - 3*k + 3. Let i be y(3). Suppose i*f + 4*a = -11, -f = f - 2*a - 16. What are the prime factors of 22*f*3/18?
11
Let t(r) = -11*r**2 - 15*r - 13. Let i(b) = -5*b**2 - 7*b - 6. Let y(u) = 13*i(u) - 6*t(u). List the prime factors of y(-1).
2
Let m = -329 - -471. What are the prime factors of m?
2, 71
Let s be -2 - 4/(-6)*6. Suppose -s*a + 6*a = 2*m + 10, 14 = -2*m + 5*a. What are the prime factors of m?
3
What are the prime factors of 49/2*(1 + 1)?
7
Suppose -2*c - n = -0*c - 16, -4*c = -2*n - 16. Suppose w - 3*l = c, 5*w - 18 = 4*l + 56. Suppose -a - 8 = -w. What are the prime factors of a?
2, 5
Suppose -d - d + 4*l = -52, -d + 26 = 2*l. What are the prime factors of d?
2, 13
Suppose 2*i - q - 14 = 2*q, -36 = -3*i - 3*q. What are the prime factors of i?
2, 5
Suppose -y = 4*y. Let z be (1/2)/(1/2). Suppose -v - z + 13 = y. What are the prime factors of v?
2, 3
Let j(n) = n**3 - 2*n**2 - 2*n - 2. Let v be j(3). What are the prime factors of v + -3*8/(-12)?
3
Suppose 7 = -o - 0*o. Let m = 53 - o. Suppose 4*k - m = -0*k. List the prime factors of k.
3, 5
Let q be (-8)/28 + (-9)/(-7). Let k be (q + -2 + -3)/(-2). Suppose -2*p + 3*p - 14 = -v, p - 8 = k*v. What are the prime factors of p?
2, 3
Suppose 4*z = -d + 6*z - 42, 5*z - 195 = 5*d. Let b = -23 - d. List the prime factors of b.
13
Let o(f) = -f**2 - 7*f - 5. Let h be o(-6). Let k(l) = 7*l**2 + 3*l - 5*l**2 - 2*l. What are the prime factors of k(h)?
3
List the prime factors of (-30)/(-4) - (-10)/20.
2
Suppose -o + 70 = 16. What are the prime factors of o?
2, 3
Let n = 4 - 2. Suppose -n*p = 4 - 34. What are the prime factors of p?
3, 5
Let c(i) = -6*i - 7. List the prime factors of c(-7).
5, 7
List the prime factors of 4/(-10) - (-112)/5.
2, 11
Let n be (3/2)/(3/6). Let r be (-2)/(-6) + (-4)/12. Suppose r*j - n*v = 2*j - 4, j - 16 = 2*v. What are the prime factors of j?
2
Let k = 1 - -4. What are the prime factors of 48/k + (-8)/(-20)?
2, 5
Let a(r) = r**3 - 4*r + 4*r**2 + 3*r + 7 + 3*r**2. List the prime factors of a(-7).
2, 7
Suppose 42 = -0*u - 3*u. List the prime factors of (-6)/21 - 88/u.
2, 3
Let b = 4 + -2. Let i = b + -1. What are the prime factors of i*4/2 - -5?
7
Let d(p) = 2*p + 4. Let b be d(-3). Let j be b + (-1)/1 + -16. List the prime factors of (3 - 2 - j)/2.
2, 5
Let v = 89 - 59. List the prime factors of v.
2, 3, 5
Let v(b) = b - 4. Let o be v(8). Let w be (9 - 4)*o/10. List the prime factors of w + (24/(-2))/(-2).
2
Suppose -2*a = -8*a + 1434. What are the prime factors of a?
239
Suppose -3*p + 118 = -92. What are the prime factors of p?
2, 5, 7
Let k = 4 + -9. Let g = k + 4. What are the prime factors of 0 - (-1)/(g/(-12))?
2, 3
What are the prime factors of (-3)/(0 - (-2)/(-118))?
3, 59
Suppose 4*f + 4 = 2*r + 2, 5*r = 3*f + 19. List the prime factors of r.
5
Let d be 4/14 + 4/(-14). Suppose 16 + 34 = 2*